What is the units digit of z(-7)?
3
Let t = 5016 - 3179. What is the units digit of t?
7
Let a(t) = 4*t - 39. Let x be a(9). What is the tens digit of -227*x/3 + (3 - 7)?
2
Let h(v) = -5*v**3 + 9*v**2 + 13*v - 7. Let d(q) = -q**3 - q**2. Let i(x) = -6*d(x) + h(x). Let p(j) = 2*j. Let t be p(-7). What is the units digit of i(t)?
7
Suppose -4*g - 49 - 35 = 0. What is the tens digit of (g + -1)*((-15 - -1) + 2)?
6
Let y be (9/21)/((-4)/(-28)). Suppose -a - 2*a = 2*g - y, -5*a + 5 = 3*g. What is the units digit of a?
1
Suppose 6 = -2*t - 0. What is the tens digit of 81 - (-2)/6*t?
8
Let h be (-3 + 3 - 4)*-24. Suppose c - 5*c = h. Let p = -7 - c. What is the tens digit of p?
1
Suppose -2*z - 1 - 3 = 0. What is the units digit of (-1 + -1)/(0 - z)*-70?
0
Suppose -2*z + z + t + 581 = 0, -3*t + 3 = 0. What is the tens digit of z?
8
Let p(y) = 2*y**3 + 0*y**2 - 2*y - y - 9 - y**2 + 8. Let q be p(2). Suppose 267 = q*o + 2*b, -2*b - 2*b + 216 = 4*o. What is the units digit of o?
3
What is the units digit of 3/((-6)/10)*(-4720)/50?
2
Let h = 1561 + -21. What is the units digit of h?
0
Let v = -2122 - -3061. What is the units digit of v?
9
Let k(h) = -h**3 - 4*h**2 + 4*h - 4. Let f be k(-5). Suppose 0 = 3*z + 4*p - 161, -19 = 5*p + f. What is the tens digit of z?
5
Suppose 2*t = 4*n + 91 - 611, -n + 137 = -4*t. Suppose 6*y + 27 = n. What is the units digit of y?
7
Let g be -54*(-2)/4 + 0. Suppose g*z - 237 = 24*z. What is the tens digit of z?
7
Suppose -4*x + i + 2299 = -0*i, i = -2*x + 1145. What is the hundreds digit of x?
5
Let l be (-4)/22 - (-210)/(-55). What is the units digit of 18/(l/4 + 3)?
9
Let q = -1261 - -1925. Suppose -10*y + q = -416. What is the tens digit of y?
0
Suppose -2*f - 3*n - 10 = -n, 0 = -f - 3*n - 9. What is the units digit of (-2)/(-2) + (f - -2) + 120?
0
Let q(m) be the first derivative of -11*m**4/4 - m**3/3 - m**2 + 2*m + 24. What is the units digit of q(-2)?
0
Let f = 441 + -69. What is the tens digit of f?
7
Let b(a) = a**3 - 37*a**2 + 147*a + 20. What is the hundreds digit of b(33)?
5
Let f = -4 + -9. Let q(c) = c + 15. Let a be q(f). Suppose 0 = -i - 3*n + 68, 5*i - a*n - 275 = -4*n. What is the tens digit of i?
5
Suppose 3 = 3*p - 0*p. Let w be 1/(48/50 - p). Let j = -4 - w. What is the units digit of j?
1
Suppose 528 + 416 = 5*g - j, -g + 5*j = -184. Let l = g - 129. What is the units digit of l?
0
Let v = -5 + 5. Suppose 5 = 2*b - 3*b, v = 5*y + 4*b. Suppose 3*i - 2 = y. What is the units digit of i?
2
Let z be -5 - -9 - 1*-12. Let c(k) = k**3 - 16*k**2 + 4*k + 11. What is the tens digit of c(z)?
7
Let c(x) be the first derivative of 19*x**2/2 - 3*x - 22. What is the units digit of c(9)?
8
Let g = 3 + -3. Suppose r - 180 = -4*r - 3*a, 3*r + 5*a - 108 = g. What is the tens digit of r?
3
Suppose -8 = a - 4. Let o(v) = -3*v - 6. What is the units digit of o(a)?
6
Let d = -79 + 81. What is the tens digit of ((-40)/(-50))/(d/185)?
7
Suppose j - 535 = -3*v + 445, 3*j = -3. What is the tens digit of v?
2
Let i(w) = -w**2 - 6*w + 2. Suppose 20 = 3*x - f, 3*x - 7 = 5*f + 9. Suppose 2*u + x + 5 = 0. What is the units digit of i(u)?
2
Let j(g) = -215*g - 643. What is the tens digit of j(-11)?
2
Let x = 305 - 153. What is the tens digit of x?
5
What is the units digit of 1332 + (-3 - (-4 - -4))?
9
What is the hundreds digit of (-12303)/2*(11 + 1339/(-117))?
7
Let s(p) = 232*p**2 + 6*p + 19. What is the thousands digit of s(-3)?
2
Let o = 40 + -64. Let t = o + 25. What is the tens digit of 4 + (4 + 72 - t)?
7
Let o(h) = 5*h**2 - 12*h - 33. What is the hundreds digit of o(11)?
4
Let w(j) = 467*j + 15. What is the tens digit of w(3)?
1
Let c(h) = h**2 + 10*h + 9. Let v be c(-9). Let m(a) = 0*a + 2 - a - 8 + v*a. What is the units digit of m(-7)?
1
Let j = 1478 + -821. What is the hundreds digit of j?
6
What is the hundreds digit of 48/(-60) + (-29758)/(-10)?
9
Suppose -2*o + 4 = 0, -2*z + 99 = 3*o - 655. What is the tens digit of z?
7
Let r = 51 - 50. Suppose 4*o + 3*n - 142 = 0, 0 = 2*n + r - 5. What is the units digit of o?
4
Suppose -k = 1, 2*h + 37 = h - k. Let i = -22 - h. Suppose -3*r - 3*z = -8*z + 17, -2*r = 3*z - i. What is the units digit of r?
1
Let f(k) = 16*k - 96. What is the units digit of f(54)?
8
Suppose -3*f = 3*o, -3*o = -4*o + 2*f + 12. Suppose -5*u + 680 = o*n, 0 = -7*u + 6*u - 4*n + 152. What is the tens digit of u?
3
Let f(r) = 698*r. What is the units digit of f(1)?
8
Suppose 4*n - 56 = 4*a, 0*a + 5*n = 2*a + 34. Let m = 2 - 0. What is the units digit of ((-8)/a)/(m/18)?
6
Suppose 0 = -5*q + q + 20. Suppose p = -5*h - 20, -3*p - q*h = -6*h - 4. Suppose p*a + 104 = 4*a. What is the units digit of a?
6
Let z = 6 - 6. What is the units digit of (2 - z)*5/(-10) + 77?
6
Suppose 3*d + b - 676 = 0, -15*d + 3*b - 228 = -16*d. What is the tens digit of d?
2
Let a be (5/15*6)/(4/6). Suppose 0 = a*b - 2*b - 46. What is the tens digit of b?
4
Suppose 3*o + z - 861 = 0, -z = -3*o + 615 + 252. What is the tens digit of o?
8
Suppose -29*g + 920 = -21*g. Suppose 21 + g = 2*d. What is the units digit of d?
8
What is the tens digit of (0 - 584)*1*(2 - 3)?
8
Let y = 4301 + -1040. What is the hundreds digit of y?
2
Suppose 0 = 2*k - 3*p - 2422, 3*k = -2*k + 3*p + 6037. What is the thousands digit of k?
1
Let j(m) = -m**3 + 3*m**2 + 6*m - 3. Let h be j(4). Suppose 15 = h*f, -3*u + f + 172 = 2*u. What is the units digit of u?
5
Let i = 2514 - -1559. What is the tens digit of i?
7
Let a be (0 - (-2)/3)*-6. Let i(m) = 7*m - 1. Let r(f) = -22*f + 2. Let o(t) = -4*i(t) - r(t). What is the units digit of o(a)?
6
Suppose -2152 = i - 5*i - 4*y, 2696 = 5*i + 3*y. What is the units digit of i?
1
Suppose -2*p + 6*p = 5*t - 62, -46 = -3*t - 2*p. Let j = t + -13. Let g = j + 39. What is the tens digit of g?
4
Suppose -65*g = -27*g - 18316. What is the units digit of g?
2
Suppose -5*x + 5 = -0. What is the units digit of x/(-2)*-2 + (3 - -43)?
7
Let c(q) be the first derivative of -q**3/3 - 5*q**2 + 7*q + 2. Let f(p) = -p**2 - 11*p + 7. Let b(o) = -3*c(o) + 2*f(o). What is the units digit of b(-9)?
2
Let d be 3/9 + 10/6. Suppose 3*a = 2*a - q + 27, -d*a - 4*q = -64. Suppose 5 = b - 2*h, b = -3*h + 8 + a. What is the units digit of b?
5
Let t = 73 + 279. Let f = -122 + t. What is the hundreds digit of f?
2
Suppose -2*z + 11 = -z - 3*x, 4*z - 5*x - 65 = 0. Let u = 71 - z. What is the tens digit of u?
5
Suppose 4 = -2*l, 3*z = -z + 5*l + 18. Suppose -z*r + 10 = -2. Let f = 19 - r. What is the tens digit of f?
1
Suppose 5*l + 4*c = 4300, -9*c + 10*c - 4315 = -5*l. What is the tens digit of l?
6
Let z(j) = -2*j - 5. Suppose 0 = -2*x, 0*d - 3*x = d - 3. Let p be d + -9 + (-3 - -3). What is the units digit of z(p)?
7
Let z(k) = -493*k + 39. What is the thousands digit of z(-4)?
2
Let s = -3163 + 5802. What is the thousands digit of s?
2
Let h(g) = 5*g**2 - 72*g + 15. What is the tens digit of h(28)?
1
Let m(a) = -a**3 + 22*a**2 - 14*a + 79. What is the thousands digit of m(13)?
1
Let m = 2080 + -1243. What is the hundreds digit of m?
8
Let g(s) = -2*s - 11. Let i(p) = -5*p - 32. Let a(y) = -17*g(y) + 6*i(y). What is the units digit of a(2)?
3
Suppose -2*z = -5*z. Suppose z*i - i + 3 = 0. Suppose y - 136 = -i*y. What is the tens digit of y?
3
Let u be 1*(3 - (-3 + 1)). Let f = 9 - -7. Suppose q = u + f. What is the tens digit of q?
2
Let t(u) = u**3 - 12*u + 1027. What is the tens digit of t(0)?
2
Let f be (-1)/(-2)*-2*0. Suppose -3*g - s + 0*s = -19, -s + 4 = f. What is the units digit of g*(-1)/2*-2?
5
Suppose 73*d = 74*d + 2*y - 1337, 5*d - 5*y = 6745. What is the hundreds digit of d?
3
Let z = 3 + -1. Let v be (5 - z)*(-2)/(-2). Suppose 104 = -v*m + 5*m. What is the units digit of m?
2
Let a be (-5)/(5/(-47)) - 3. Suppose -5*o - a = -314. What is the units digit of o?
4
Let l(c) be the third derivative of c**4/6 + 22*c**3/3 - 17*c**2. What is the units digit of l(21)?
8
Let c = -84 - -84. Suppose 3*w - 4*w + 217 = c. What is the hundreds digit of w?
2
Suppose -w = -5*z + 1, -2 = -z + w + w. Suppose z = p - 106 + 31. What is the tens digit of p?
7
Let g = -64 - -79. What is the units digit of 940/g*6/4?
4
Let l = 93 - 89. Suppose 147 + 369 = l*q. What is the tens digit of q?
2
Let n = -344 - -1512. What is the tens digit of n?
6
Let g(k) = k + 